{"id":10058,"date":"2026-01-15T10:59:18","date_gmt":"2026-01-15T13:59:18","guid":{"rendered":"https:\/\/debemimoveis.com.br\/site\/?post_type=property&#038;p=10058"},"modified":"2026-01-15T10:59:21","modified_gmt":"2026-01-15T13:59:21","slug":"more-no-coracao-da-cidade","status":"publish","type":"property","link":"https:\/\/debemimoveis.com.br\/site\/property\/more-no-coracao-da-cidade\/","title":{"rendered":"More no cora\u00e7\u00e3o da cidade"},"content":{"rendered":"\n<p>Uma casa que une tudo o que voc\u00ea procura. Localiza\u00e7\u00e3o privilegiada, conforto e sofistica\u00e7\u00e3o.<\/p>\n\n\n\n<p>Casa toda reformada em uma das melhores localiza\u00e7\u00f5es da cidade. Composta por 03 dormit\u00f3rios sendo 01 su\u00edte, lavabo, escrit\u00f3rio, sala ampla com lareira integrada a sala de jantar, cozinha com m\u00f3veis planejados, banheiro social, \u00e1rea de servi\u00e7o, p\u00e1tio todo cal\u00e7ado e garagem para 03 carros. <\/p>\n","protected":false},"excerpt":{"rendered":"<p>Uma casa que une tudo o que voc\u00ea procura. Localiza\u00e7\u00e3o privilegiada, conforto e sofistica\u00e7\u00e3o. Casa toda reformada em uma das melhores localiza\u00e7\u00f5es da cidade. Composta por 03 dormit\u00f3rios sendo 01 su\u00edte, lavabo, escrit\u00f3rio, sala ampla com lareira integrada a sala de jantar, cozinha com m\u00f3veis planejados, banheiro social, \u00e1rea de servi\u00e7o, p\u00e1tio todo cal\u00e7ado e [&hellip;]<\/p>\n","protected":false},"author":2,"featured_media":10068,"parent":0,"menu_order":0,"template":"","property_type":[20],"property_status":[23],"property_feature":[54,55,28],"property_label":[],"property_city":[31],"class_list":["post-10058","property","type-property","status-publish","has-post-thumbnail","hentry","property_type-casa","property_status-venda","property_feature-garagem","property_feature-lareira","property_feature-lavanderia","property_city-bage"],"aioseo_notices":[],"property_meta":{"_edit_lock":["1768486954:2"],"_thumbnail_id":["10068"],"_edit_last":["2"],"fave_property_price":["1500000"],"fave_show_price_placeholder":["0"],"fave_property_bedrooms":["3"],"fave_property_rooms":["3"],"fave_property_bathrooms":["4"],"fave_property_garage":["3"],"fave_property_id":["10058"],"fave_property_map":["1"],"fave_property_map_address":["Av. Marcilio Dias - Centro"],"fave_property_location":["-31.3286924,-54.1094305,15"],"houzez_geolocation_lat":["-31.3286924"],"houzez_geolocation_long":["-54.1094305"],"fave_property_map_street_view":["hide"],"fave_property_images":["10068","10071","10072","10070","10065","10061","10067","10063","10069","10062","10064","10066","10073"],"fave_agent_display_option":["none"],"_aioseo_title":[null],"_aioseo_description":[null],"_aioseo_keywords":["a:0:{}"],"_aioseo_og_title":[null],"_aioseo_og_description":[null],"_aioseo_og_article_section":[""],"_aioseo_og_article_tags":["a:0:{}"],"_aioseo_twitter_title":[null],"_aioseo_twitter_description":[null],"_monsterinsights_sitenote_active":["0"],"_uf_disable_surveys":[""],"om_disable_all_campaigns":[""],"houzez_manual_expire":["0"],"_houzez_expiration_date_status":["saved"],"houzez_total_property_views":["419"],"houzez_views_by_date":["a:61:{s:10:\"02-21-2026\";i:1;s:10:\"02-22-2026\";i:3;s:10:\"02-23-2026\";i:6;s:10:\"02-24-2026\";i:2;s:10:\"02-25-2026\";i:1;s:10:\"02-26-2026\";i:3;s:10:\"02-27-2026\";i:6;s:10:\"02-28-2026\";i:1;s:10:\"03-01-2026\";i:7;s:10:\"03-02-2026\";i:10;s:10:\"03-03-2026\";i:4;s:10:\"03-04-2026\";i:3;s:10:\"03-05-2026\";i:4;s:10:\"03-07-2026\";i:3;s:10:\"03-09-2026\";i:2;s:10:\"03-10-2026\";i:4;s:10:\"03-11-2026\";i:3;s:10:\"03-12-2026\";i:4;s:10:\"03-13-2026\";i:4;s:10:\"03-14-2026\";i:1;s:10:\"03-15-2026\";i:1;s:10:\"03-16-2026\";i:2;s:10:\"03-17-2026\";i:2;s:10:\"03-18-2026\";i:5;s:10:\"03-20-2026\";i:1;s:10:\"03-21-2026\";i:2;s:10:\"03-22-2026\";i:6;s:10:\"03-23-2026\";i:6;s:10:\"03-24-2026\";i:5;s:10:\"03-25-2026\";i:3;s:10:\"03-26-2026\";i:6;s:10:\"03-27-2026\";i:5;s:10:\"03-28-2026\";i:4;s:10:\"03-29-2026\";i:3;s:10:\"03-30-2026\";i:5;s:10:\"03-31-2026\";i:4;s:10:\"04-01-2026\";i:9;s:10:\"04-02-2026\";i:4;s:10:\"04-03-2026\";i:7;s:10:\"04-04-2026\";i:5;s:10:\"04-05-2026\";i:4;s:10:\"04-06-2026\";i:6;s:10:\"04-07-2026\";i:6;s:10:\"04-08-2026\";i:5;s:10:\"04-09-2026\";i:5;s:10:\"04-10-2026\";i:7;s:10:\"04-11-2026\";i:5;s:10:\"04-12-2026\";i:5;s:10:\"04-13-2026\";i:4;s:10:\"04-14-2026\";i:5;s:10:\"04-15-2026\";i:9;s:10:\"04-16-2026\";i:5;s:10:\"04-17-2026\";i:1;s:10:\"04-18-2026\";i:3;s:10:\"04-21-2026\";i:1;s:10:\"04-22-2026\";i:3;s:10:\"04-23-2026\";i:2;s:10:\"04-24-2026\";i:4;s:10:\"04-25-2026\";i:1;s:10:\"04-27-2026\";i:1;s:10:\"04-29-2026\";i:2;}"],"houzez_recently_viewed":["2026-04-29 10:56:35"]},"_links":{"self":[{"href":"https:\/\/debemimoveis.com.br\/site\/wp-json\/wp\/v2\/properties\/10058","targetHints":{"allow":["GET"]}}],"collection":[{"href":"https:\/\/debemimoveis.com.br\/site\/wp-json\/wp\/v2\/properties"}],"about":[{"href":"https:\/\/debemimoveis.com.br\/site\/wp-json\/wp\/v2\/types\/property"}],"author":[{"embeddable":true,"href":"https:\/\/debemimoveis.com.br\/site\/wp-json\/wp\/v2\/users\/2"}],"version-history":[{"count":1,"href":"https:\/\/debemimoveis.com.br\/site\/wp-json\/wp\/v2\/properties\/10058\/revisions"}],"predecessor-version":[{"id":10074,"href":"https:\/\/debemimoveis.com.br\/site\/wp-json\/wp\/v2\/properties\/10058\/revisions\/10074"}],"wp:featuredmedia":[{"embeddable":true,"href":"https:\/\/debemimoveis.com.br\/site\/wp-json\/wp\/v2\/media\/10068"}],"wp:attachment":[{"href":"https:\/\/debemimoveis.com.br\/site\/wp-json\/wp\/v2\/media?parent=10058"}],"wp:term":[{"taxonomy":"property_type","embeddable":true,"href":"https:\/\/debemimoveis.com.br\/site\/wp-json\/wp\/v2\/property_type?post=10058"},{"taxonomy":"property_status","embeddable":true,"href":"https:\/\/debemimoveis.com.br\/site\/wp-json\/wp\/v2\/property_status?post=10058"},{"taxonomy":"property_feature","embeddable":true,"href":"https:\/\/debemimoveis.com.br\/site\/wp-json\/wp\/v2\/property_feature?post=10058"},{"taxonomy":"property_label","embeddable":true,"href":"https:\/\/debemimoveis.com.br\/site\/wp-json\/wp\/v2\/property_label?post=10058"},{"taxonomy":"property_city","embeddable":true,"href":"https:\/\/debemimoveis.com.br\/site\/wp-json\/wp\/v2\/property_city?post=10058"}],"curies":[{"name":"wp","href":"https:\/\/api.w.org\/{rel}","templated":true}]}}

More no coração da cidade

<p>Uma casa que une tudo o que você procura. Localização privilegiada, conforto e sofisticação.</p>



<p>Casa toda reformada em uma das melhores localizações da cidade. Composta por 03 dormitórios sendo 01 suíte, lavabo, escritório, sala ampla com lareira integrada a sala de jantar, cozinha com móveis planejados, banheiro social, área de serviço, pátio todo calçado e garagem para 03 carros. </p>

<p>Uma casa que une tudo o que você procura. Localização privilegiada, conforto e sofisticação. Casa toda reformada em uma das melhores localizações da cidade. Composta por 03 dormitórios sendo 01 suíte, lavabo, escritório, sala ampla com lareira integrada a sala de jantar, cozinha com móveis planejados, banheiro social, área de serviço, pátio todo calçado e [&hellip;]</p>
