{"id":10190,"date":"2026-03-12T10:28:26","date_gmt":"2026-03-12T13:28:26","guid":{"rendered":"https:\/\/debemimoveis.com.br\/site\/?post_type=property&#038;p=10190"},"modified":"2026-03-12T10:28:29","modified_gmt":"2026-03-12T13:28:29","slug":"bairro-das-laranjeiras-2","status":"publish","type":"property","link":"https:\/\/debemimoveis.com.br\/site\/property\/bairro-das-laranjeiras-2\/","title":{"rendered":"Bairro das Laranjeiras"},"content":{"rendered":"\n<p>More em um bairro tranquilo e seguro. Essa casa localizada no bairro das Laranjeiras \u00e9 uma oportunidade imperd\u00edvel para voc\u00ea morar bem e desfrutar de bons momentos em fam\u00edlia. Casa completa, pratica e funcional. Composta por 03 dormit\u00f3rios sendo 01 su\u00edte ampla com closet, sala de estar\/jantar com lareira integrada a cozinha com m\u00f3veis planejados, banheiro social, p\u00e1tio gramado, espa\u00e7o gourmet com parrilla e banheiro, vaga de garagem. Terreno 12&#215;27. 214m\u00b2 de \u00e1rea constru\u00edda. <\/p>\n","protected":false},"excerpt":{"rendered":"<p>More em um bairro tranquilo e seguro. Essa casa localizada no bairro das Laranjeiras \u00e9 uma oportunidade imperd\u00edvel para voc\u00ea morar bem e desfrutar de bons momentos em fam\u00edlia. Casa completa, pratica e funcional. Composta por 03 dormit\u00f3rios sendo 01 su\u00edte ampla com closet, sala de estar\/jantar com lareira integrada a cozinha com m\u00f3veis planejados, [&hellip;]<\/p>\n","protected":false},"author":2,"featured_media":10193,"parent":0,"menu_order":0,"template":"","property_type":[20],"property_status":[23],"property_feature":[18,54,29,55],"property_label":[33],"property_city":[31],"class_list":["post-10190","property","type-property","status-publish","has-post-thumbnail","hentry","property_type-casa","property_status-venda","property_feature-churrasqueira","property_feature-garagem","property_feature-gramado","property_feature-lareira","property_label-novidade","property_city-bage"],"aioseo_notices":[],"property_meta":{"_edit_lock":["1773322463:2"],"_thumbnail_id":["10193"],"_edit_last":["2"],"fave_property_price":["700000"],"fave_show_price_placeholder":["0"],"fave_property_size_prefix":["214"],"fave_property_bedrooms":["3"],"fave_property_rooms":["1"],"fave_property_bathrooms":["3"],"fave_property_garage":["2"],"fave_property_id":["10190"],"fave_property_map":["1"],"fave_property_map_address":["Rua Vereador Pinto Machado - Laranjeiras"],"fave_property_location":["-31.3286924,-54.1094305,15"],"houzez_geolocation_lat":["-31.3286924"],"houzez_geolocation_long":["-54.1094305"],"fave_property_map_street_view":["hide"],"fave_property_images":["10193","10198","10199","10196","10197","10201","10202","10203","10194","10200","10192","10191","10204","10195"],"fave_agent_display_option":["none"],"_aioseo_title":[null],"_aioseo_description":[null],"_aioseo_keywords":["a:0:{}"],"_aioseo_og_title":[null],"_aioseo_og_description":[null],"_aioseo_og_article_section":[""],"_aioseo_og_article_tags":["a:0:{}"],"_aioseo_twitter_title":[null],"_aioseo_twitter_description":[null],"_uf_disable_surveys":[""],"om_disable_all_campaigns":[""],"houzez_manual_expire":["0"],"_houzez_expiration_date_status":["saved"],"houzez_total_property_views":["280"],"houzez_views_by_date":["a:47:{s:10:\"03-12-2026\";i:8;s:10:\"03-13-2026\";i:7;s:10:\"03-14-2026\";i:6;s:10:\"03-15-2026\";i:6;s:10:\"03-16-2026\";i:3;s:10:\"03-17-2026\";i:5;s:10:\"03-18-2026\";i:9;s:10:\"03-19-2026\";i:1;s:10:\"03-20-2026\";i:4;s:10:\"03-21-2026\";i:3;s:10:\"03-22-2026\";i:15;s:10:\"03-23-2026\";i:8;s:10:\"03-24-2026\";i:11;s:10:\"03-25-2026\";i:8;s:10:\"03-26-2026\";i:15;s:10:\"03-27-2026\";i:5;s:10:\"03-28-2026\";i:6;s:10:\"03-29-2026\";i:4;s:10:\"03-30-2026\";i:8;s:10:\"03-31-2026\";i:3;s:10:\"04-01-2026\";i:11;s:10:\"04-02-2026\";i:12;s:10:\"04-03-2026\";i:10;s:10:\"04-04-2026\";i:8;s:10:\"04-05-2026\";i:4;s:10:\"04-06-2026\";i:7;s:10:\"04-07-2026\";i:9;s:10:\"04-08-2026\";i:6;s:10:\"04-09-2026\";i:6;s:10:\"04-10-2026\";i:8;s:10:\"04-11-2026\";i:3;s:10:\"04-12-2026\";i:7;s:10:\"04-13-2026\";i:8;s:10:\"04-14-2026\";i:5;s:10:\"04-15-2026\";i:7;s:10:\"04-16-2026\";i:4;s:10:\"04-17-2026\";i:1;s:10:\"04-18-2026\";i:6;s:10:\"04-20-2026\";i:1;s:10:\"04-21-2026\";i:1;s:10:\"04-22-2026\";i:5;s:10:\"04-23-2026\";i:5;s:10:\"04-24-2026\";i:2;s:10:\"04-25-2026\";i:4;s:10:\"04-27-2026\";i:1;s:10:\"04-28-2026\";i:1;s:10:\"04-29-2026\";i:3;}"],"houzez_recently_viewed":["2026-04-29 10:47:01"]},"_links":{"self":[{"href":"https:\/\/debemimoveis.com.br\/site\/wp-json\/wp\/v2\/properties\/10190","targetHints":{"allow":["GET"]}}],"collection":[{"href":"https:\/\/debemimoveis.com.br\/site\/wp-json\/wp\/v2\/properties"}],"about":[{"href":"https:\/\/debemimoveis.com.br\/site\/wp-json\/wp\/v2\/types\/property"}],"author":[{"embeddable":true,"href":"https:\/\/debemimoveis.com.br\/site\/wp-json\/wp\/v2\/users\/2"}],"version-history":[{"count":1,"href":"https:\/\/debemimoveis.com.br\/site\/wp-json\/wp\/v2\/properties\/10190\/revisions"}],"predecessor-version":[{"id":10205,"href":"https:\/\/debemimoveis.com.br\/site\/wp-json\/wp\/v2\/properties\/10190\/revisions\/10205"}],"wp:featuredmedia":[{"embeddable":true,"href":"https:\/\/debemimoveis.com.br\/site\/wp-json\/wp\/v2\/media\/10193"}],"wp:attachment":[{"href":"https:\/\/debemimoveis.com.br\/site\/wp-json\/wp\/v2\/media?parent=10190"}],"wp:term":[{"taxonomy":"property_type","embeddable":true,"href":"https:\/\/debemimoveis.com.br\/site\/wp-json\/wp\/v2\/property_type?post=10190"},{"taxonomy":"property_status","embeddable":true,"href":"https:\/\/debemimoveis.com.br\/site\/wp-json\/wp\/v2\/property_status?post=10190"},{"taxonomy":"property_feature","embeddable":true,"href":"https:\/\/debemimoveis.com.br\/site\/wp-json\/wp\/v2\/property_feature?post=10190"},{"taxonomy":"property_label","embeddable":true,"href":"https:\/\/debemimoveis.com.br\/site\/wp-json\/wp\/v2\/property_label?post=10190"},{"taxonomy":"property_city","embeddable":true,"href":"https:\/\/debemimoveis.com.br\/site\/wp-json\/wp\/v2\/property_city?post=10190"}],"curies":[{"name":"wp","href":"https:\/\/api.w.org\/{rel}","templated":true}]}}

<p>More em um bairro tranquilo e seguro. Essa casa localizada no bairro das Laranjeiras é uma oportunidade imperdível para você morar bem e desfrutar de bons momentos em família. Casa completa, pratica e funcional. Composta por 03 dormitórios sendo 01 suíte ampla com closet, sala de estar/jantar com lareira integrada a cozinha com móveis planejados, banheiro social, pátio gramado, espaço gourmet com parrilla e banheiro, vaga de garagem. Terreno 12&#215;27. 214m² de área construída. </p>

<p>More em um bairro tranquilo e seguro. Essa casa localizada no bairro das Laranjeiras é uma oportunidade imperdível para você morar bem e desfrutar de bons momentos em família. Casa completa, pratica e funcional. Composta por 03 dormitórios sendo 01 suíte ampla com closet, sala de estar/jantar com lareira integrada a cozinha com móveis planejados, [&hellip;]</p>
