{"id":9027,"date":"2025-02-21T10:48:20","date_gmt":"2025-02-21T13:48:20","guid":{"rendered":"https:\/\/debemimoveis.com.br\/site\/?post_type=property&#038;p=9027"},"modified":"2025-05-09T10:56:43","modified_gmt":"2025-05-09T13:56:43","slug":"predio-comercial-no-centro","status":"publish","type":"property","link":"https:\/\/debemimoveis.com.br\/site\/property\/predio-comercial-no-centro\/","title":{"rendered":"Pr\u00e9dio comercial no centro"},"content":{"rendered":"\n<p>Pr\u00e9dio amplo no centro da cidade. S\u00e3o dois amplo sal\u00f5es um inferior e outro superior. Possu\u00ed 02 banheiros + um kitnet com banheiro nos fundos. <\/p>\n\n\n\n<p>Andar superior R$ 3.000, + taxas<\/p>\n\n\n\n<p>Andar inferior R$ 2.500,00 + taxas. O valor para loca\u00e7\u00e3o do pr\u00e9dio todo R$ 5.000, + taxas.<\/p>\n\n\n\n<p><\/p>\n","protected":false},"excerpt":{"rendered":"<p>Pr\u00e9dio amplo no centro da cidade. S\u00e3o dois amplo sal\u00f5es um inferior e outro superior. Possu\u00ed 02 banheiros + um kitnet com banheiro nos fundos. Andar superior R$ 3.000, + taxas Andar inferior R$ 2.500,00 + taxas. O valor para loca\u00e7\u00e3o do pr\u00e9dio todo R$ 5.000, + taxas.<\/p>\n","protected":false},"author":2,"featured_media":9029,"parent":0,"menu_order":0,"template":"","property_type":[43],"property_status":[22,23],"property_feature":[],"property_label":[33],"property_city":[31],"class_list":["post-9027","property","type-property","status-publish","has-post-thumbnail","hentry","property_type-comercial","property_status-aluguel","property_status-venda","property_label-novidade","property_city-bage"],"aioseo_notices":[],"property_meta":{"_edit_lock":["1746800113:2"],"_thumbnail_id":["9029"],"_edit_last":["2"],"fave_property_price":["1300000"],"fave_show_price_placeholder":["0"],"fave_property_bathrooms":["2"],"fave_property_year":["2022"],"fave_property_id":["9027"],"fave_property_map":["1"],"fave_property_map_address":["Av. Marechal Floriano - Centro"],"fave_property_location":["-31.3286924,-54.1094305,15"],"houzez_geolocation_lat":["-31.3286924"],"houzez_geolocation_long":["-54.1094305"],"fave_property_map_street_view":["hide"],"fave_agent_display_option":["none"],"_aioseo_title":[null],"_aioseo_description":[null],"_aioseo_keywords":["a:0:{}"],"_aioseo_og_title":[null],"_aioseo_og_description":[null],"_aioseo_og_article_section":[""],"_aioseo_og_article_tags":["a:0:{}"],"_aioseo_twitter_title":[null],"_aioseo_twitter_description":[null],"_monsterinsights_sitenote_active":["0"],"_uf_disable_surveys":[""],"om_disable_all_campaigns":[""],"houzez_manual_expire":["0"],"_houzez_expiration_date_status":["saved"],"houzez_total_property_views":["804"],"houzez_views_by_date":["a:61:{s:10:\"02-20-2026\";i:4;s:10:\"02-21-2026\";i:4;s:10:\"02-22-2026\";i:2;s:10:\"02-23-2026\";i:5;s:10:\"02-24-2026\";i:5;s:10:\"02-25-2026\";i:2;s:10:\"02-26-2026\";i:2;s:10:\"02-27-2026\";i:6;s:10:\"02-28-2026\";i:1;s:10:\"03-01-2026\";i:2;s:10:\"03-02-2026\";i:3;s:10:\"03-03-2026\";i:3;s:10:\"03-05-2026\";i:9;s:10:\"03-06-2026\";i:1;s:10:\"03-07-2026\";i:1;s:10:\"03-08-2026\";i:2;s:10:\"03-09-2026\";i:4;s:10:\"03-11-2026\";i:3;s:10:\"03-12-2026\";i:4;s:10:\"03-13-2026\";i:1;s:10:\"03-14-2026\";i:7;s:10:\"03-15-2026\";i:2;s:10:\"03-16-2026\";i:4;s:10:\"03-17-2026\";i:1;s:10:\"03-18-2026\";i:3;s:10:\"03-19-2026\";i:1;s:10:\"03-21-2026\";i:3;s:10:\"03-22-2026\";i:1;s:10:\"03-23-2026\";i:3;s:10:\"03-24-2026\";i:1;s:10:\"03-25-2026\";i:5;s:10:\"03-26-2026\";i:5;s:10:\"03-27-2026\";i:3;s:10:\"03-28-2026\";i:2;s:10:\"03-29-2026\";i:1;s:10:\"03-30-2026\";i:1;s:10:\"03-31-2026\";i:1;s:10:\"04-01-2026\";i:4;s:10:\"04-02-2026\";i:2;s:10:\"04-04-2026\";i:3;s:10:\"04-05-2026\";i:1;s:10:\"04-06-2026\";i:2;s:10:\"04-07-2026\";i:1;s:10:\"04-09-2026\";i:1;s:10:\"04-11-2026\";i:2;s:10:\"04-13-2026\";i:7;s:10:\"04-14-2026\";i:2;s:10:\"04-15-2026\";i:5;s:10:\"04-16-2026\";i:7;s:10:\"04-17-2026\";i:1;s:10:\"04-18-2026\";i:1;s:10:\"04-19-2026\";i:2;s:10:\"04-20-2026\";i:3;s:10:\"04-21-2026\";i:1;s:10:\"04-22-2026\";i:1;s:10:\"04-23-2026\";i:2;s:10:\"04-24-2026\";i:1;s:10:\"04-25-2026\";i:5;s:10:\"04-26-2026\";i:2;s:10:\"04-27-2026\";i:2;s:10:\"04-29-2026\";i:3;}"],"houzez_recently_viewed":["2026-04-29 12:05:24"],"fave_property_sec_price":["2500"],"fave_property_price_postfix":["+ taxas"],"fave_property_images":["9029","9030","9028","9032","9031"]},"_links":{"self":[{"href":"https:\/\/debemimoveis.com.br\/site\/wp-json\/wp\/v2\/properties\/9027","targetHints":{"allow":["GET"]}}],"collection":[{"href":"https:\/\/debemimoveis.com.br\/site\/wp-json\/wp\/v2\/properties"}],"about":[{"href":"https:\/\/debemimoveis.com.br\/site\/wp-json\/wp\/v2\/types\/property"}],"author":[{"embeddable":true,"href":"https:\/\/debemimoveis.com.br\/site\/wp-json\/wp\/v2\/users\/2"}],"version-history":[{"count":2,"href":"https:\/\/debemimoveis.com.br\/site\/wp-json\/wp\/v2\/properties\/9027\/revisions"}],"predecessor-version":[{"id":9407,"href":"https:\/\/debemimoveis.com.br\/site\/wp-json\/wp\/v2\/properties\/9027\/revisions\/9407"}],"wp:featuredmedia":[{"embeddable":true,"href":"https:\/\/debemimoveis.com.br\/site\/wp-json\/wp\/v2\/media\/9029"}],"wp:attachment":[{"href":"https:\/\/debemimoveis.com.br\/site\/wp-json\/wp\/v2\/media?parent=9027"}],"wp:term":[{"taxonomy":"property_type","embeddable":true,"href":"https:\/\/debemimoveis.com.br\/site\/wp-json\/wp\/v2\/property_type?post=9027"},{"taxonomy":"property_status","embeddable":true,"href":"https:\/\/debemimoveis.com.br\/site\/wp-json\/wp\/v2\/property_status?post=9027"},{"taxonomy":"property_feature","embeddable":true,"href":"https:\/\/debemimoveis.com.br\/site\/wp-json\/wp\/v2\/property_feature?post=9027"},{"taxonomy":"property_label","embeddable":true,"href":"https:\/\/debemimoveis.com.br\/site\/wp-json\/wp\/v2\/property_label?post=9027"},{"taxonomy":"property_city","embeddable":true,"href":"https:\/\/debemimoveis.com.br\/site\/wp-json\/wp\/v2\/property_city?post=9027"}],"curies":[{"name":"wp","href":"https:\/\/api.w.org\/{rel}","templated":true}]}}

Prédio comercial no centro

<p>Prédio amplo no centro da cidade. São dois amplo salões um inferior e outro superior. Possuí 02 banheiros + um kitnet com banheiro nos fundos. </p>



<p>Andar superior R$ 3.000, + taxas</p>



<p>Andar inferior R$ 2.500,00 + taxas. O valor para locação do prédio todo R$ 5.000, + taxas.</p>



<p></p>

<p>Prédio amplo no centro da cidade. São dois amplo salões um inferior e outro superior. Possuí 02 banheiros + um kitnet com banheiro nos fundos. Andar superior R$ 3.000, + taxas Andar inferior R$ 2.500,00 + taxas. O valor para locação do prédio todo R$ 5.000, + taxas.</p>
