{"id":9193,"date":"2025-03-27T11:24:17","date_gmt":"2025-03-27T14:24:17","guid":{"rendered":"https:\/\/debemimoveis.com.br\/site\/?post_type=property&#038;p=9193"},"modified":"2025-09-08T09:44:31","modified_gmt":"2025-09-08T12:44:31","slug":"alto-padrao-e-sofisticacao","status":"publish","type":"property","link":"https:\/\/debemimoveis.com.br\/site\/property\/alto-padrao-e-sofisticacao\/","title":{"rendered":"Alto padr\u00e3o e sofistica\u00e7\u00e3o"},"content":{"rendered":"\n<p>Im\u00f3vel de alto padr\u00e3o rec\u00e9m constru\u00eddo, com design moderno e acabamentos sofisticados. Essa resid\u00eancia foi projetada para quem busca conforto, exclusividade e requinte em cada detalhe. Com espa\u00e7os amplos e integrados, ilumina\u00e7\u00e3o natural abundante e uma arquitetura que combina eleg\u00e2ncia e funcionalidade. Possu\u00ed 04 dormit\u00f3rios sendo todos su\u00edtes, sala ampla com lareira integrada com a cozinha e parrilla, lavabo, \u00e1rea de servi\u00e7o, p\u00e1tio com piscina e garagem para v\u00e1rios carros. O im\u00f3vel possui janelas automatizadas e sistema de seguran\u00e7a. <\/p>\n\n\n\n<p><\/p>\n","protected":false},"excerpt":{"rendered":"<p>Im\u00f3vel de alto padr\u00e3o rec\u00e9m constru\u00eddo, com design moderno e acabamentos sofisticados. Essa resid\u00eancia foi projetada para quem busca conforto, exclusividade e requinte em cada detalhe. Com espa\u00e7os amplos e integrados, ilumina\u00e7\u00e3o natural abundante e uma arquitetura que combina eleg\u00e2ncia e funcionalidade. Possu\u00ed 04 dormit\u00f3rios sendo todos su\u00edtes, sala ampla com lareira integrada com a [&hellip;]<\/p>\n","protected":false},"author":2,"featured_media":9201,"parent":0,"menu_order":0,"template":"","property_type":[20],"property_status":[23],"property_feature":[16,45,18,54,55,28,40],"property_label":[33],"property_city":[31],"class_list":["post-9193","property","type-property","status-publish","has-post-thumbnail","hentry","property_type-casa","property_status-venda","property_feature-ar-condicionado","property_feature-casa-inteligente","property_feature-churrasqueira","property_feature-garagem","property_feature-lareira","property_feature-lavanderia","property_feature-piscina","property_label-novidade","property_city-bage"],"aioseo_notices":[],"property_meta":{"_edit_lock":["1757335473:2"],"_edit_last":["2"],"fave_property_price":["1600000"],"fave_show_price_placeholder":["1"],"fave_property_rooms":["1"],"fave_property_bathrooms":["4"],"fave_property_garage":["4"],"fave_property_year":["2024"],"fave_property_id":["9193"],"fave_property_map":["1"],"fave_property_map_address":["Rua Capit\u00e3o Mauricio - Industrial"],"fave_property_location":["-31.3286924,-54.1094305,15"],"houzez_geolocation_lat":["-31.3286924"],"houzez_geolocation_long":["-54.1094305"],"fave_property_map_street_view":["hide"],"fave_agent_display_option":["none"],"_aioseo_title":[null],"_aioseo_description":[null],"_aioseo_keywords":["a:0:{}"],"_aioseo_og_title":[null],"_aioseo_og_description":[null],"_aioseo_og_article_section":[""],"_aioseo_og_article_tags":["a:0:{}"],"_aioseo_twitter_title":[null],"_aioseo_twitter_description":[null],"_monsterinsights_sitenote_active":["0"],"_uf_disable_surveys":[""],"om_disable_all_campaigns":[""],"houzez_manual_expire":["0"],"_houzez_expiration_date_status":["saved"],"_thumbnail_id":["9201"],"houzez_total_property_views":["942"],"houzez_views_by_date":["a:61:{s:10:\"02-07-2026\";i:1;s:10:\"02-08-2026\";i:1;s:10:\"02-09-2026\";i:5;s:10:\"02-10-2026\";i:1;s:10:\"02-11-2026\";i:1;s:10:\"02-12-2026\";i:2;s:10:\"02-15-2026\";i:1;s:10:\"02-16-2026\";i:3;s:10:\"02-17-2026\";i:1;s:10:\"02-19-2026\";i:1;s:10:\"02-20-2026\";i:3;s:10:\"02-21-2026\";i:1;s:10:\"02-22-2026\";i:3;s:10:\"02-23-2026\";i:3;s:10:\"02-24-2026\";i:2;s:10:\"02-25-2026\";i:6;s:10:\"02-26-2026\";i:2;s:10:\"02-27-2026\";i:5;s:10:\"03-01-2026\";i:3;s:10:\"03-03-2026\";i:1;s:10:\"03-04-2026\";i:1;s:10:\"03-05-2026\";i:4;s:10:\"03-06-2026\";i:1;s:10:\"03-07-2026\";i:1;s:10:\"03-08-2026\";i:2;s:10:\"03-11-2026\";i:2;s:10:\"03-12-2026\";i:2;s:10:\"03-14-2026\";i:3;s:10:\"03-16-2026\";i:2;s:10:\"03-17-2026\";i:1;s:10:\"03-18-2026\";i:4;s:10:\"03-20-2026\";i:1;s:10:\"03-21-2026\";i:1;s:10:\"03-22-2026\";i:2;s:10:\"03-24-2026\";i:1;s:10:\"03-25-2026\";i:2;s:10:\"03-26-2026\";i:2;s:10:\"03-30-2026\";i:1;s:10:\"03-31-2026\";i:1;s:10:\"04-01-2026\";i:2;s:10:\"04-02-2026\";i:2;s:10:\"04-05-2026\";i:1;s:10:\"04-06-2026\";i:3;s:10:\"04-07-2026\";i:1;s:10:\"04-08-2026\";i:1;s:10:\"04-09-2026\";i:2;s:10:\"04-10-2026\";i:2;s:10:\"04-12-2026\";i:2;s:10:\"04-14-2026\";i:1;s:10:\"04-15-2026\";i:4;s:10:\"04-16-2026\";i:2;s:10:\"04-18-2026\";i:1;s:10:\"04-20-2026\";i:3;s:10:\"04-21-2026\";i:3;s:10:\"04-22-2026\";i:3;s:10:\"04-23-2026\";i:6;s:10:\"04-24-2026\";i:2;s:10:\"04-25-2026\";i:2;s:10:\"04-27-2026\";i:3;s:10:\"04-28-2026\";i:3;s:10:\"04-29-2026\";i:3;}"],"houzez_recently_viewed":["2026-04-29 13:09:50"],"fave_property_images":["9201","9202","9198","9200","9196","9197","9194","9195","9206","9207","9203","9205","9208"]},"_links":{"self":[{"href":"https:\/\/debemimoveis.com.br\/site\/wp-json\/wp\/v2\/properties\/9193","targetHints":{"allow":["GET"]}}],"collection":[{"href":"https:\/\/debemimoveis.com.br\/site\/wp-json\/wp\/v2\/properties"}],"about":[{"href":"https:\/\/debemimoveis.com.br\/site\/wp-json\/wp\/v2\/types\/property"}],"author":[{"embeddable":true,"href":"https:\/\/debemimoveis.com.br\/site\/wp-json\/wp\/v2\/users\/2"}],"version-history":[{"count":1,"href":"https:\/\/debemimoveis.com.br\/site\/wp-json\/wp\/v2\/properties\/9193\/revisions"}],"predecessor-version":[{"id":9213,"href":"https:\/\/debemimoveis.com.br\/site\/wp-json\/wp\/v2\/properties\/9193\/revisions\/9213"}],"wp:featuredmedia":[{"embeddable":true,"href":"https:\/\/debemimoveis.com.br\/site\/wp-json\/wp\/v2\/media\/9201"}],"wp:attachment":[{"href":"https:\/\/debemimoveis.com.br\/site\/wp-json\/wp\/v2\/media?parent=9193"}],"wp:term":[{"taxonomy":"property_type","embeddable":true,"href":"https:\/\/debemimoveis.com.br\/site\/wp-json\/wp\/v2\/property_type?post=9193"},{"taxonomy":"property_status","embeddable":true,"href":"https:\/\/debemimoveis.com.br\/site\/wp-json\/wp\/v2\/property_status?post=9193"},{"taxonomy":"property_feature","embeddable":true,"href":"https:\/\/debemimoveis.com.br\/site\/wp-json\/wp\/v2\/property_feature?post=9193"},{"taxonomy":"property_label","embeddable":true,"href":"https:\/\/debemimoveis.com.br\/site\/wp-json\/wp\/v2\/property_label?post=9193"},{"taxonomy":"property_city","embeddable":true,"href":"https:\/\/debemimoveis.com.br\/site\/wp-json\/wp\/v2\/property_city?post=9193"}],"curies":[{"name":"wp","href":"https:\/\/api.w.org\/{rel}","templated":true}]}}

Alto padrão e sofisticação

<p>Imóvel de alto padrão recém construído, com design moderno e acabamentos sofisticados. Essa residência foi projetada para quem busca conforto, exclusividade e requinte em cada detalhe. Com espaços amplos e integrados, iluminação natural abundante e uma arquitetura que combina elegância e funcionalidade. Possuí 04 dormitórios sendo todos suítes, sala ampla com lareira integrada com a cozinha e parrilla, lavabo, área de serviço, pátio com piscina e garagem para vários carros. O imóvel possui janelas automatizadas e sistema de segurança. </p>



<p></p>

<p>Imóvel de alto padrão recém construído, com design moderno e acabamentos sofisticados. Essa residência foi projetada para quem busca conforto, exclusividade e requinte em cada detalhe. Com espaços amplos e integrados, iluminação natural abundante e uma arquitetura que combina elegância e funcionalidade. Possuí 04 dormitórios sendo todos suítes, sala ampla com lareira integrada com a [&hellip;]</p>

Rua Capitão Mauricio - Industrial
