{"id":9962,"date":"2025-11-28T14:46:37","date_gmt":"2025-11-28T17:46:37","guid":{"rendered":"https:\/\/debemimoveis.com.br\/site\/?post_type=property&#038;p=9962"},"modified":"2025-11-28T14:46:41","modified_gmt":"2025-11-28T17:46:41","slug":"excelente-imovel-no-coracao-da-cidade","status":"publish","type":"property","link":"https:\/\/debemimoveis.com.br\/site\/property\/excelente-imovel-no-coracao-da-cidade\/","title":{"rendered":"Excelente im\u00f3vel no cora\u00e7\u00e3o da cidade"},"content":{"rendered":"\n<p>02 salas amplas sendo 01 com lareira, 02 dormit\u00f3rios, banheiro social, cozinha. No andar inferior possu\u00ed mais 03 dormit\u00f3rios, banheiro, cozinha e garagem para 01 carro. <\/p>\n\n\n\n<p><\/p>\n\n\n\n<p>Im\u00f3vel excelente para consult\u00f3rios m\u00e9dicos e odontol\u00f3gicos, escrit\u00f3rios, clinicas, entre outros. Pr\u00f3ximo de supermercados, farm\u00e1cias, padarias, escolas.  Importante salientar que o im\u00f3vel n\u00e3o possu\u00ed tombamento hist\u00f3rico. <\/p>\n","protected":false},"excerpt":{"rendered":"<p>02 salas amplas sendo 01 com lareira, 02 dormit\u00f3rios, banheiro social, cozinha. No andar inferior possu\u00ed mais 03 dormit\u00f3rios, banheiro, cozinha e garagem para 01 carro. Im\u00f3vel excelente para consult\u00f3rios m\u00e9dicos e odontol\u00f3gicos, escrit\u00f3rios, clinicas, entre outros. Pr\u00f3ximo de supermercados, farm\u00e1cias, padarias, escolas. Importante salientar que o im\u00f3vel n\u00e3o possu\u00ed tombamento hist\u00f3rico.<\/p>\n","protected":false},"author":2,"featured_media":9973,"parent":0,"menu_order":0,"template":"","property_type":[20],"property_status":[23],"property_feature":[18,54,55],"property_label":[33],"property_city":[31],"class_list":["post-9962","property","type-property","status-publish","has-post-thumbnail","hentry","property_type-casa","property_status-venda","property_feature-churrasqueira","property_feature-garagem","property_feature-lareira","property_label-novidade","property_city-bage"],"aioseo_notices":[],"property_meta":{"_edit_lock":["1764352009:2"],"_thumbnail_id":["9973"],"_edit_last":["2"],"fave_property_price":["680000"],"fave_show_price_placeholder":["0"],"fave_property_bedrooms":["5"],"fave_property_rooms":["2"],"fave_property_bathrooms":["3"],"fave_property_garage":["1"],"fave_property_id":["9962"],"fave_property_map":["1"],"fave_property_map_address":["Av. Bar\u00e3o do Triunfo - Centro"],"fave_property_location":["-31.3286924,-54.1094305,15"],"houzez_geolocation_lat":["-31.3286924"],"houzez_geolocation_long":["-54.1094305"],"fave_property_map_street_view":["hide"],"fave_property_images":["9973","9965","9963","9966","9974","9967","9964","9972","9970","9969","9968"],"fave_agent_display_option":["none"],"_aioseo_title":[null],"_aioseo_description":[null],"_aioseo_keywords":["a:0:{}"],"_aioseo_og_title":[null],"_aioseo_og_description":[null],"_aioseo_og_article_section":[""],"_aioseo_og_article_tags":["a:0:{}"],"_aioseo_twitter_title":[null],"_aioseo_twitter_description":[null],"_monsterinsights_sitenote_active":["0"],"_uf_disable_surveys":[""],"om_disable_all_campaigns":[""],"houzez_manual_expire":["0"],"_houzez_expiration_date_status":["saved"],"houzez_total_property_views":["372"],"houzez_views_by_date":["a:61:{s:10:\"02-08-2026\";i:2;s:10:\"02-09-2026\";i:4;s:10:\"02-10-2026\";i:4;s:10:\"02-11-2026\";i:1;s:10:\"02-12-2026\";i:1;s:10:\"02-13-2026\";i:1;s:10:\"02-15-2026\";i:1;s:10:\"02-16-2026\";i:2;s:10:\"02-17-2026\";i:1;s:10:\"02-19-2026\";i:1;s:10:\"02-20-2026\";i:5;s:10:\"02-21-2026\";i:3;s:10:\"02-22-2026\";i:4;s:10:\"02-23-2026\";i:4;s:10:\"02-26-2026\";i:2;s:10:\"02-27-2026\";i:1;s:10:\"02-28-2026\";i:1;s:10:\"03-01-2026\";i:4;s:10:\"03-02-2026\";i:2;s:10:\"03-03-2026\";i:1;s:10:\"03-04-2026\";i:3;s:10:\"03-05-2026\";i:3;s:10:\"03-07-2026\";i:3;s:10:\"03-08-2026\";i:1;s:10:\"03-10-2026\";i:2;s:10:\"03-11-2026\";i:5;s:10:\"03-12-2026\";i:1;s:10:\"03-13-2026\";i:1;s:10:\"03-14-2026\";i:1;s:10:\"03-15-2026\";i:2;s:10:\"03-16-2026\";i:1;s:10:\"03-17-2026\";i:2;s:10:\"03-18-2026\";i:4;s:10:\"03-20-2026\";i:1;s:10:\"03-22-2026\";i:3;s:10:\"03-23-2026\";i:1;s:10:\"03-24-2026\";i:1;s:10:\"03-25-2026\";i:3;s:10:\"03-26-2026\";i:1;s:10:\"03-30-2026\";i:2;s:10:\"03-31-2026\";i:2;s:10:\"04-01-2026\";i:3;s:10:\"04-02-2026\";i:3;s:10:\"04-03-2026\";i:1;s:10:\"04-04-2026\";i:2;s:10:\"04-05-2026\";i:1;s:10:\"04-06-2026\";i:1;s:10:\"04-07-2026\";i:2;s:10:\"04-09-2026\";i:1;s:10:\"04-10-2026\";i:3;s:10:\"04-12-2026\";i:1;s:10:\"04-13-2026\";i:3;s:10:\"04-14-2026\";i:2;s:10:\"04-15-2026\";i:4;s:10:\"04-16-2026\";i:1;s:10:\"04-17-2026\";i:4;s:10:\"04-18-2026\";i:4;s:10:\"04-21-2026\";i:1;s:10:\"04-22-2026\";i:3;s:10:\"04-25-2026\";i:3;s:10:\"04-27-2026\";i:1;}"],"houzez_recently_viewed":["2026-04-27 05:41:35"]},"_links":{"self":[{"href":"https:\/\/debemimoveis.com.br\/site\/wp-json\/wp\/v2\/properties\/9962","targetHints":{"allow":["GET"]}}],"collection":[{"href":"https:\/\/debemimoveis.com.br\/site\/wp-json\/wp\/v2\/properties"}],"about":[{"href":"https:\/\/debemimoveis.com.br\/site\/wp-json\/wp\/v2\/types\/property"}],"author":[{"embeddable":true,"href":"https:\/\/debemimoveis.com.br\/site\/wp-json\/wp\/v2\/users\/2"}],"version-history":[{"count":1,"href":"https:\/\/debemimoveis.com.br\/site\/wp-json\/wp\/v2\/properties\/9962\/revisions"}],"predecessor-version":[{"id":9975,"href":"https:\/\/debemimoveis.com.br\/site\/wp-json\/wp\/v2\/properties\/9962\/revisions\/9975"}],"wp:featuredmedia":[{"embeddable":true,"href":"https:\/\/debemimoveis.com.br\/site\/wp-json\/wp\/v2\/media\/9973"}],"wp:attachment":[{"href":"https:\/\/debemimoveis.com.br\/site\/wp-json\/wp\/v2\/media?parent=9962"}],"wp:term":[{"taxonomy":"property_type","embeddable":true,"href":"https:\/\/debemimoveis.com.br\/site\/wp-json\/wp\/v2\/property_type?post=9962"},{"taxonomy":"property_status","embeddable":true,"href":"https:\/\/debemimoveis.com.br\/site\/wp-json\/wp\/v2\/property_status?post=9962"},{"taxonomy":"property_feature","embeddable":true,"href":"https:\/\/debemimoveis.com.br\/site\/wp-json\/wp\/v2\/property_feature?post=9962"},{"taxonomy":"property_label","embeddable":true,"href":"https:\/\/debemimoveis.com.br\/site\/wp-json\/wp\/v2\/property_label?post=9962"},{"taxonomy":"property_city","embeddable":true,"href":"https:\/\/debemimoveis.com.br\/site\/wp-json\/wp\/v2\/property_city?post=9962"}],"curies":[{"name":"wp","href":"https:\/\/api.w.org\/{rel}","templated":true}]}}

Excelente imóvel no coração da cidade

<p>02 salas amplas sendo 01 com lareira, 02 dormitórios, banheiro social, cozinha. No andar inferior possuí mais 03 dormitórios, banheiro, cozinha e garagem para 01 carro. </p>



<p></p>



<p>Imóvel excelente para consultórios médicos e odontológicos, escritórios, clinicas, entre outros. Próximo de supermercados, farmácias, padarias, escolas.  Importante salientar que o imóvel não possuí tombamento histórico. </p>

<p>02 salas amplas sendo 01 com lareira, 02 dormitórios, banheiro social, cozinha. No andar inferior possuí mais 03 dormitórios, banheiro, cozinha e garagem para 01 carro. Imóvel excelente para consultórios médicos e odontológicos, escritórios, clinicas, entre outros. Próximo de supermercados, farmácias, padarias, escolas. Importante salientar que o imóvel não possuí tombamento histórico.</p>

Av. Barão do Triunfo - Centro
